{"id":561,"date":"2017-12-04T21:52:50","date_gmt":"2017-12-04T21:52:50","guid":{"rendered":"http:\/\/nimyloscristalesmagicos.com\/?page_id=561"},"modified":"2019-12-03T22:52:50","modified_gmt":"2019-12-03T22:52:50","slug":"magos-y-magas","status":"publish","type":"page","link":"https:\/\/nimyloscristalesmagicos.com\/index.php\/magos-y-magas\/","title":{"rendered":"Magos y magas"},"content":{"rendered":"<br \/>\n<b>Warning<\/b>:  Invalid argument supplied for foreach() in <b>\/home\/nimylosczm\/www\/wp-content\/plugins\/unyson\/framework\/includes\/option-types\/typography-v2\/class-fw-option-type-typography-v2.php<\/b> on line <b>148<\/b><br \/>\n<br \/>\n<b>Warning<\/b>:  Invalid argument supplied for foreach() in <b>\/home\/nimylosczm\/www\/wp-content\/plugins\/unyson\/framework\/includes\/option-types\/typography-v2\/class-fw-option-type-typography-v2.php<\/b> on line <b>148<\/b><br \/>\n<br \/>\n<b>Warning<\/b>:  Invalid argument supplied for foreach() in <b>\/home\/nimylosczm\/www\/wp-content\/plugins\/unyson\/framework\/includes\/option-types\/typography-v2\/class-fw-option-type-typography-v2.php<\/b> on line <b>148<\/b><br \/>\n<br \/>\n<b>Warning<\/b>:  Invalid argument supplied for foreach() in <b>\/home\/nimylosczm\/www\/wp-content\/plugins\/unyson\/framework\/includes\/option-types\/typography-v2\/class-fw-option-type-typography-v2.php<\/b> on line <b>148<\/b><br \/>\n<br \/>\n<b>Warning<\/b>:  Invalid argument supplied for foreach() in <b>\/home\/nimylosczm\/www\/wp-content\/plugins\/unyson\/framework\/includes\/option-types\/typography-v2\/class-fw-option-type-typography-v2.php<\/b> on line <b>148<\/b><br \/>\n<br \/>\n<b>Warning<\/b>:  Invalid argument supplied for foreach() in <b>\/home\/nimylosczm\/www\/wp-content\/plugins\/unyson\/framework\/includes\/option-types\/typography-v2\/class-fw-option-type-typography-v2.php<\/b> on line <b>148<\/b><br \/>\n<br \/>\n<b>Warning<\/b>:  Invalid argument supplied for foreach() in <b>\/home\/nimylosczm\/www\/wp-content\/plugins\/unyson\/framework\/includes\/option-types\/typography-v2\/class-fw-option-type-typography-v2.php<\/b> on line <b>148<\/b><br \/>\n<br \/>\n<b>Warning<\/b>:  Invalid argument supplied for foreach() in <b>\/home\/nimylosczm\/www\/wp-content\/plugins\/unyson\/framework\/includes\/option-types\/typography-v2\/class-fw-option-type-typography-v2.php<\/b> on line <b>148<\/b><br \/>\n<br \/>\n<b>Warning<\/b>:  Invalid argument supplied for foreach() in <b>\/home\/nimylosczm\/www\/wp-content\/plugins\/unyson\/framework\/includes\/option-types\/typography-v2\/class-fw-option-type-typography-v2.php<\/b> on line <b>148<\/b><br \/>\n<br \/>\n<b>Warning<\/b>:  Invalid argument supplied for foreach() in <b>\/home\/nimylosczm\/www\/wp-content\/plugins\/unyson\/framework\/includes\/option-types\/typography-v2\/class-fw-option-type-typography-v2.php<\/b> on line <b>148<\/b><br \/>\n<br \/>\n<b>Warning<\/b>:  Invalid argument supplied for foreach() in <b>\/home\/nimylosczm\/www\/wp-content\/plugins\/unyson\/framework\/includes\/option-types\/typography-v2\/class-fw-option-type-typography-v2.php<\/b> on line <b>148<\/b><br \/>\n<br \/>\n<b>Warning<\/b>:  Invalid argument supplied for foreach() in <b>\/home\/nimylosczm\/www\/wp-content\/plugins\/unyson\/framework\/includes\/option-types\/typography-v2\/class-fw-option-type-typography-v2.php<\/b> on line <b>148<\/b><br \/>\n<br \/>\n<b>Warning<\/b>:  Invalid argument supplied for foreach() in <b>\/home\/nimylosczm\/www\/wp-content\/plugins\/unyson\/framework\/includes\/option-types\/typography-v2\/class-fw-option-type-typography-v2.php<\/b> on line <b>148<\/b><br \/>\n<br \/>\n<b>Warning<\/b>:  Invalid argument supplied for foreach() in <b>\/home\/nimylosczm\/www\/wp-content\/plugins\/unyson\/framework\/includes\/option-types\/typography-v2\/class-fw-option-type-typography-v2.php<\/b> on line <b>148<\/b><br \/>\n<br \/>\n<b>Warning<\/b>:  Invalid argument supplied for foreach() in <b>\/home\/nimylosczm\/www\/wp-content\/plugins\/unyson\/framework\/includes\/option-types\/typography-v2\/class-fw-option-type-typography-v2.php<\/b> on line <b>148<\/b><br \/>\n<br \/>\n<b>Warning<\/b>:  Invalid argument supplied for foreach() in <b>\/home\/nimylosczm\/www\/wp-content\/plugins\/unyson\/framework\/includes\/option-types\/typography-v2\/class-fw-option-type-typography-v2.php<\/b> on line <b>148<\/b><br \/>\n<br \/>\n<b>Warning<\/b>:  Invalid argument supplied for foreach() in <b>\/home\/nimylosczm\/www\/wp-content\/plugins\/unyson\/framework\/includes\/option-types\/typography-v2\/class-fw-option-type-typography-v2.php<\/b> on line <b>148<\/b><br \/>\n<br \/>\n<b>Warning<\/b>:  Invalid argument supplied for foreach() in <b>\/home\/nimylosczm\/www\/wp-content\/plugins\/unyson\/framework\/includes\/option-types\/typography-v2\/class-fw-option-type-typography-v2.php<\/b> on line <b>148<\/b><br \/>\n<br \/>\n<b>Warning<\/b>:  Invalid argument supplied for foreach() in <b>\/home\/nimylosczm\/www\/wp-content\/plugins\/unyson\/framework\/includes\/option-types\/typography-v2\/class-fw-option-type-typography-v2.php<\/b> on line <b>148<\/b><br \/>\n<br \/>\n<b>Warning<\/b>:  Invalid argument supplied for foreach() in <b>\/home\/nimylosczm\/www\/wp-content\/plugins\/unyson\/framework\/includes\/option-types\/typography-v2\/class-fw-option-type-typography-v2.php<\/b> on line <b>148<\/b><br \/>\n<br \/>\n<b>Warning<\/b>:  Invalid argument supplied for foreach() in <b>\/home\/nimylosczm\/www\/wp-content\/plugins\/unyson\/framework\/includes\/option-types\/typography-v2\/class-fw-option-type-typography-v2.php<\/b> on line <b>148<\/b><br \/>\n<br \/>\n<b>Warning<\/b>:  Invalid argument supplied for foreach() in <b>\/home\/nimylosczm\/www\/wp-content\/plugins\/unyson\/framework\/includes\/option-types\/typography-v2\/class-fw-option-type-typography-v2.php<\/b> on line <b>148<\/b><br \/>\n<br \/>\n<b>Warning<\/b>:  Invalid argument supplied for foreach() in <b>\/home\/nimylosczm\/www\/wp-content\/plugins\/unyson\/framework\/includes\/option-types\/typography-v2\/class-fw-option-type-typography-v2.php<\/b> on line <b>148<\/b><br \/>\n<br \/>\n<b>Warning<\/b>:  Invalid argument supplied for foreach() in <b>\/home\/nimylosczm\/www\/wp-content\/plugins\/unyson\/framework\/includes\/option-types\/typography-v2\/class-fw-option-type-typography-v2.php<\/b> on line <b>148<\/b><br \/>\n<br \/>\n<b>Warning<\/b>:  Invalid argument supplied for foreach() in <b>\/home\/nimylosczm\/www\/wp-content\/plugins\/unyson\/framework\/includes\/option-types\/typography-v2\/class-fw-option-type-typography-v2.php<\/b> on line <b>148<\/b><br \/>\n<br \/>\n<b>Warning<\/b>:  Invalid argument supplied for foreach() in <b>\/home\/nimylosczm\/www\/wp-content\/plugins\/unyson\/framework\/includes\/option-types\/typography-v2\/class-fw-option-type-typography-v2.php<\/b> on line <b>148<\/b><br \/>\n<div id=\"lakshmi-section-9263\" class=\"shortcode-section \" style=\" \">\n    <div class=\"section-layer-holder \">\n\t\t        \t\t<div class=\"section-content\" style=\"padding: 0px 0; text-align: left;\">\n        \t<div class=\"container\"><div class=\"fw-row\">\n\t<div class=\"lsi-col fw-col-xs-12  \" style=\"padding-top: 0px; padding-right: 15px; padding-bottom: 0px; padding-left: 15px;\">\r\n\t\t<h1>Magos y magas<\/h1><p>Los magos se caracterizan por habilidades como inteligencia, sabidur\u00eda, carisma y destreza. Su car\u00e1cter es introvertido al mismo tiempo que colaborativo, activo y consejero. Dentro de sus habilidades acad\u00e9micas destacan en Ciencias Naturales, Matem\u00e1ticas, Lenguas Extranjeras (Ingl\u00e9s) y Art\u00edsticas.<\/p>    <\/div><\/div>\n\n<\/div>            <div class=\"clearfix\"><\/div>\n        <\/div>\n\t<\/div>\n<\/div><div id=\"lakshmi-section-7153\" class=\"shortcode-section lakshmi-fullwidth-section \" style=\" \">\n    <div class=\"section-layer-holder parallax-window \" data-parallax=\"scroll\" data-image-src=\"\/\/nimyloscristalesmagicos.com\/wp-content\/uploads\/2018\/01\/Secci\u00f3n4.png\">\n\t\t        \t\t<div class=\"section-content\" style=\"padding: 0px 0; text-align: left;\">\n        \t<div class=\"container\"><div class=\"fw-row\">\n\t<div class=\"lsi-col fw-col-xs-12 fw-col-sm-3  \" style=\"padding-top: 0px; padding-right: 15px; padding-bottom: 0px; padding-left: 15px;\">\r\n\t\t<div class=\"lsi-imagebox\">\n\t\t<div class=\"image\">\n\t\t        <a href=\"\/\/nimyloscristalesmagicos.com\/wp-content\/uploads\/2018\/01\/M\u00f6le.png\" data-gal=\"prettyPhoto[0]\">\n        \t\t\t<img src=\"\/\/nimyloscristalesmagicos.com\/wp-content\/uploads\/2018\/01\/M\u00f6le.png\" alt=\"M\u00f6le\"\/>\n\t\t        <\/a>\n        \t<\/div>\n    \t<div class=\"text\">\n    \t\t\t\t<h4 class=\"name\">M\u00f6le<\/h4>\n    \t\t\t<div class=\"desc\">Proviene de la Gran Monta\u00f1a Blanca, un lugar donde muy pocos logran llegar.\nDomina el antiguo arte de la magia azul.\nSu sexto sentido le ayuda a intuir el futuro a trav\u00e9s de su b\u00e1culo.\n<\/div>\n    <\/div>\n<\/div>    <\/div><div class=\"lsi-col fw-col-xs-12 fw-col-sm-3  \" style=\"padding-top: 0px; padding-right: 15px; padding-bottom: 0px; padding-left: 15px;\">\r\n\t\t<div class=\"lsi-imagebox\">\n\t\t<div class=\"image\">\n\t\t        <a href=\"\/\/nimyloscristalesmagicos.com\/wp-content\/uploads\/2018\/01\/Seth.png\" data-gal=\"prettyPhoto[0]\">\n        \t\t\t<img src=\"\/\/nimyloscristalesmagicos.com\/wp-content\/uploads\/2018\/01\/Seth.png\" alt=\"Seth\"\/>\n\t\t        <\/a>\n        \t<\/div>\n    \t<div class=\"text\">\n    \t\t\t\t<h4 class=\"name\">Seth<\/h4>\n    \t\t\t<div class=\"desc\">Original del desierto.\n Domina la astronom\u00eda y las matem\u00e1ticas. \nSu poder radica en su gran inteligencia e intuici\u00f3n.\nConoce muy bien los secretos de la naturaleza.\n<\/div>\n    <\/div>\n<\/div>    <\/div><div class=\"lsi-col fw-col-xs-12 fw-col-sm-3  \" style=\"padding-top: 0px; padding-right: 15px; padding-bottom: 0px; padding-left: 15px;\">\r\n\t\t<div class=\"lsi-imagebox\">\n\t\t<div class=\"image\">\n\t\t        <a href=\"\/\/nimyloscristalesmagicos.com\/wp-content\/uploads\/2018\/01\/Jack.png\" data-gal=\"prettyPhoto[0]\">\n        \t\t\t<img src=\"\/\/nimyloscristalesmagicos.com\/wp-content\/uploads\/2018\/01\/Jack.png\" alt=\"Jack\"\/>\n\t\t        <\/a>\n        \t<\/div>\n    \t<div class=\"text\">\n    \t\t\t\t<h4 class=\"name\">Jack<\/h4>\n    \t\t\t<div class=\"desc\">Nacido en la Capital. \nEstudi\u00f3 con los mejores alquimistas. Conoce innumerables f\u00f3rmulas m\u00e1gicas y p\u00f3cimas. \nPosee un gran encanto y una agilidad mental extraordinaria.\n<\/div>\n    <\/div>\n<\/div>    <\/div><div class=\"lsi-col fw-col-xs-12 fw-col-sm-3  \" style=\"padding-top: 0px; padding-right: 15px; padding-bottom: 0px; padding-left: 15px;\">\r\n\t\t<div class=\"lsi-imagebox\">\n\t\t<div class=\"image\">\n\t\t        <a href=\"\/\/nimyloscristalesmagicos.com\/wp-content\/uploads\/2018\/01\/Arun\u00e1.png\" data-gal=\"prettyPhoto[0]\">\n        \t\t\t<img src=\"\/\/nimyloscristalesmagicos.com\/wp-content\/uploads\/2018\/01\/Arun\u00e1.png\" alt=\"Arun\u00e1\"\/>\n\t\t        <\/a>\n        \t<\/div>\n    \t<div class=\"text\">\n    \t\t\t\t<h4 class=\"name\">Arun\u00e1<\/h4>\n    \t\t\t<div class=\"desc\">Gran maga de los bosques.\nEs capaz de cambiar de apariencia. Tiene control sobre numerosos animales y fen\u00f3menos atmosf\u00e9ricos.\nSigilosa y enigm\u00e1tica.\n<\/div>\n    <\/div>\n<\/div>    <\/div><\/div>\n\n<div class=\"fw-row\">\n\t<div class=\"lsi-col fw-col-xs-12 fw-col-sm-3  \" style=\"padding-top: 0px; padding-right: 15px; padding-bottom: 0px; padding-left: 15px;\">\r\n\t\t<div class=\"lsi-imagebox\">\n\t\t<div class=\"image\">\n\t\t        <a href=\"\/\/nimyloscristalesmagicos.com\/wp-content\/uploads\/2018\/01\/Guan-Yin.png\" data-gal=\"prettyPhoto[0]\">\n        \t\t\t<img src=\"\/\/nimyloscristalesmagicos.com\/wp-content\/uploads\/2018\/01\/Guan-Yin.png\" alt=\"Guan Yin\"\/>\n\t\t        <\/a>\n        \t<\/div>\n    \t<div class=\"text\">\n    \t\t\t\t<h4 class=\"name\">Guan Yin<\/h4>\n    \t\t\t<div class=\"desc\">Oriente es su tierra natal.\nPosee un gran conocimiento de la magia m\u00e1s ancestral.\nDesciende de los antiguos consejeros de Nim. \nEnigm\u00e1tica y cautivadora, consigue siempre su objetivo.\n<\/div>\n    <\/div>\n<\/div>    <\/div><div class=\"lsi-col fw-col-xs-12 fw-col-sm-3  \" style=\"padding-top: 0px; padding-right: 15px; padding-bottom: 0px; padding-left: 15px;\">\r\n\t\t<div class=\"lsi-imagebox\">\n\t\t<div class=\"image\">\n\t\t        <a href=\"\/\/nimyloscristalesmagicos.com\/wp-content\/uploads\/2018\/01\/Hefesto.png\" data-gal=\"prettyPhoto[0]\">\n        \t\t\t<img src=\"\/\/nimyloscristalesmagicos.com\/wp-content\/uploads\/2018\/01\/Hefesto.png\" alt=\"Hefesto\"\/>\n\t\t        <\/a>\n        \t<\/div>\n    \t<div class=\"text\">\n    \t\t\t\t<h4 class=\"name\">Hefesto<\/h4>\n    \t\t\t<div class=\"desc\">Su encanto y personalidad arrasan por donde pasa.\nDomina el escapismo e ilusionismo.\nTiene gran perseverancia, por lo que logra aquello que se propone.\n<\/div>\n    <\/div>\n<\/div>    <\/div><div class=\"lsi-col fw-col-xs-12 fw-col-sm-3  \" style=\"padding-top: 0px; padding-right: 15px; padding-bottom: 0px; padding-left: 15px;\">\r\n\t\t<div class=\"lsi-imagebox\">\n\t\t<div class=\"image\">\n\t\t        <a href=\"\/\/nimyloscristalesmagicos.com\/wp-content\/uploads\/2018\/06\/Chiara.png\" data-gal=\"prettyPhoto[0]\">\n        \t\t\t<img src=\"\/\/nimyloscristalesmagicos.com\/wp-content\/uploads\/2018\/06\/Chiara.png\" alt=\"Chiara\"\/>\n\t\t        <\/a>\n        \t<\/div>\n    \t<div class=\"text\">\n    \t\t\t\t<h4 class=\"name\">Chiara<\/h4>\n    \t\t\t<div class=\"desc\">Descendiente de una importante estirpe de hechiceros. Su fuerte personalidad la hizo destacar en su familia.\nTiene gran poder de oratoria y una gran autoestima.\nPersistente, luchadora y defiende el poder de la mujer en todos los \u00e1mbitos.\n<\/div>\n    <\/div>\n<\/div>    <\/div><div class=\"lsi-col fw-col-xs-12 fw-col-sm-3  \" style=\"padding-top: 0px; padding-right: 15px; padding-bottom: 0px; padding-left: 15px;\">\r\n\t\t<div class=\"lsi-imagebox\">\n\t\t<div class=\"image\">\n\t\t        <a href=\"\/\/nimyloscristalesmagicos.com\/wp-content\/uploads\/2018\/06\/Dante-1.png\" data-gal=\"prettyPhoto[0]\">\n        \t\t\t<img src=\"\/\/nimyloscristalesmagicos.com\/wp-content\/uploads\/2018\/06\/Dante-1.png\" alt=\"Dante\"\/>\n\t\t        <\/a>\n        \t<\/div>\n    \t<div class=\"text\">\n    \t\t\t\t<h4 class=\"name\">Dante<\/h4>\n    \t\t\t<div class=\"desc\">Su poder reside en la mente. El hipnotismo y mentalismo son sus puntos fuertes. Estudi\u00f3 en los mejores colegios y tiene una educaci\u00f3n exquisita. Encantador y con gran poder de convicci\u00f3n trabaja por y para las causas justas.\n.\n<\/div>\n    <\/div>\n<\/div>    <\/div><\/div>\n\n<\/div>            <div class=\"clearfix\"><\/div>\n        <\/div>\n\t<\/div>\n<\/div>\n","protected":false},"excerpt":{"rendered":"<p>Magos y magasLos magos se caracterizan por habilidades como inteligencia, sabidur\u00eda, carisma y destreza. Su car\u00e1cter es introvertido al mismo tiempo que colaborativo, activo y consejero. Dentro de sus habilidades acad\u00e9micas destacan en Ciencias Naturales, Matem\u00e1ticas, Lenguas Extranjeras (Ingl\u00e9s) y Art\u00edsticas. M\u00f6le Proviene de la Gran Monta\u00f1a Blanca, un lugar donde muy pocos logran llegar. [&hellip;]<\/p>\n","protected":false},"author":1,"featured_media":0,"parent":0,"menu_order":0,"comment_status":"closed","ping_status":"closed","template":"","meta":{"_mi_skip_tracking":false},"yoast_head":"<!-- This site is optimized with the Yoast SEO plugin v19.6 - https:\/\/yoast.com\/wordpress\/plugins\/seo\/ -->\n<title>Magos y magas<\/title>\n<meta name=\"description\" content=\"Los magos se caracterizan por habilidades como inteligencia, sabidur\u00eda, carisma y destreza. Su car\u00e1cter es introvertido al mismo tiempo que colaborativo, activo y consejero. Dentro de sus habilidades acad\u00e9micas destacan en Ciencias Naturales, Matem\u00e1ticas, Lenguas Extranjeras (Ingl\u00e9s) y Art\u00edsticas.\" \/>\n<meta name=\"robots\" content=\"index, follow, max-snippet:-1, max-image-preview:large, max-video-preview:-1\" \/>\n<link rel=\"canonical\" href=\"https:\/\/nimyloscristalesmagicos.com\/index.php\/magos-y-magas\/\" \/>\n<meta property=\"og:locale\" content=\"es_ES\" \/>\n<meta property=\"og:type\" content=\"article\" \/>\n<meta property=\"og:title\" content=\"Magos y magas\" \/>\n<meta property=\"og:description\" content=\"Los magos se caracterizan por habilidades como inteligencia, sabidur\u00eda, carisma y destreza. Su car\u00e1cter es introvertido al mismo tiempo que colaborativo, activo y consejero. Dentro de sus habilidades acad\u00e9micas destacan en Ciencias Naturales, Matem\u00e1ticas, Lenguas Extranjeras (Ingl\u00e9s) y Art\u00edsticas.\" \/>\n<meta property=\"og:url\" content=\"https:\/\/nimyloscristalesmagicos.com\/index.php\/magos-y-magas\/\" \/>\n<meta property=\"og:site_name\" content=\"Nim y los cristales m\u00e1gicos\" \/>\n<meta property=\"article:modified_time\" content=\"2019-12-03T22:52:50+00:00\" \/>\n<meta name=\"twitter:card\" content=\"summary_large_image\" \/>\n<meta name=\"twitter:label1\" content=\"Tiempo de lectura\" \/>\n\t<meta name=\"twitter:data1\" content=\"2 minutos\" \/>\n<script type=\"application\/ld+json\" class=\"yoast-schema-graph\">{\"@context\":\"https:\/\/schema.org\",\"@graph\":[{\"@type\":\"WebPage\",\"@id\":\"https:\/\/nimyloscristalesmagicos.com\/index.php\/magos-y-magas\/\",\"url\":\"https:\/\/nimyloscristalesmagicos.com\/index.php\/magos-y-magas\/\",\"name\":\"Magos y magas\",\"isPartOf\":{\"@id\":\"https:\/\/nimyloscristalesmagicos.com\/#website\"},\"datePublished\":\"2017-12-04T21:52:50+00:00\",\"dateModified\":\"2019-12-03T22:52:50+00:00\",\"description\":\"Los magos se caracterizan por habilidades como inteligencia, sabidur\u00eda, carisma y destreza. Su car\u00e1cter es introvertido al mismo tiempo que colaborativo, activo y consejero. Dentro de sus habilidades acad\u00e9micas destacan en Ciencias Naturales, Matem\u00e1ticas, Lenguas Extranjeras (Ingl\u00e9s) y Art\u00edsticas.\",\"breadcrumb\":{\"@id\":\"https:\/\/nimyloscristalesmagicos.com\/index.php\/magos-y-magas\/#breadcrumb\"},\"inLanguage\":\"es\",\"potentialAction\":[{\"@type\":\"ReadAction\",\"target\":[\"https:\/\/nimyloscristalesmagicos.com\/index.php\/magos-y-magas\/\"]}]},{\"@type\":\"BreadcrumbList\",\"@id\":\"https:\/\/nimyloscristalesmagicos.com\/index.php\/magos-y-magas\/#breadcrumb\",\"itemListElement\":[{\"@type\":\"ListItem\",\"position\":1,\"name\":\"Portada\",\"item\":\"https:\/\/nimyloscristalesmagicos.com\/\"},{\"@type\":\"ListItem\",\"position\":2,\"name\":\"Magos y magas\"}]},{\"@type\":\"WebSite\",\"@id\":\"https:\/\/nimyloscristalesmagicos.com\/#website\",\"url\":\"https:\/\/nimyloscristalesmagicos.com\/\",\"name\":\"Nim y los cristales m\u00e1gicos\",\"description\":\"Gamificaci\u00f3n en el aula\",\"potentialAction\":[{\"@type\":\"SearchAction\",\"target\":{\"@type\":\"EntryPoint\",\"urlTemplate\":\"https:\/\/nimyloscristalesmagicos.com\/?s={search_term_string}\"},\"query-input\":\"required name=search_term_string\"}],\"inLanguage\":\"es\"}]}<\/script>\n<!-- \/ Yoast SEO plugin. -->","yoast_head_json":{"title":"Magos y magas","description":"Los magos se caracterizan por habilidades como inteligencia, sabidur\u00eda, carisma y destreza. Su car\u00e1cter es introvertido al mismo tiempo que colaborativo, activo y consejero. Dentro de sus habilidades acad\u00e9micas destacan en Ciencias Naturales, Matem\u00e1ticas, Lenguas Extranjeras (Ingl\u00e9s) y Art\u00edsticas.","robots":{"index":"index","follow":"follow","max-snippet":"max-snippet:-1","max-image-preview":"max-image-preview:large","max-video-preview":"max-video-preview:-1"},"canonical":"https:\/\/nimyloscristalesmagicos.com\/index.php\/magos-y-magas\/","og_locale":"es_ES","og_type":"article","og_title":"Magos y magas","og_description":"Los magos se caracterizan por habilidades como inteligencia, sabidur\u00eda, carisma y destreza. Su car\u00e1cter es introvertido al mismo tiempo que colaborativo, activo y consejero. Dentro de sus habilidades acad\u00e9micas destacan en Ciencias Naturales, Matem\u00e1ticas, Lenguas Extranjeras (Ingl\u00e9s) y Art\u00edsticas.","og_url":"https:\/\/nimyloscristalesmagicos.com\/index.php\/magos-y-magas\/","og_site_name":"Nim y los cristales m\u00e1gicos","article_modified_time":"2019-12-03T22:52:50+00:00","twitter_card":"summary_large_image","twitter_misc":{"Tiempo de lectura":"2 minutos"},"schema":{"@context":"https:\/\/schema.org","@graph":[{"@type":"WebPage","@id":"https:\/\/nimyloscristalesmagicos.com\/index.php\/magos-y-magas\/","url":"https:\/\/nimyloscristalesmagicos.com\/index.php\/magos-y-magas\/","name":"Magos y magas","isPartOf":{"@id":"https:\/\/nimyloscristalesmagicos.com\/#website"},"datePublished":"2017-12-04T21:52:50+00:00","dateModified":"2019-12-03T22:52:50+00:00","description":"Los magos se caracterizan por habilidades como inteligencia, sabidur\u00eda, carisma y destreza. Su car\u00e1cter es introvertido al mismo tiempo que colaborativo, activo y consejero. Dentro de sus habilidades acad\u00e9micas destacan en Ciencias Naturales, Matem\u00e1ticas, Lenguas Extranjeras (Ingl\u00e9s) y Art\u00edsticas.","breadcrumb":{"@id":"https:\/\/nimyloscristalesmagicos.com\/index.php\/magos-y-magas\/#breadcrumb"},"inLanguage":"es","potentialAction":[{"@type":"ReadAction","target":["https:\/\/nimyloscristalesmagicos.com\/index.php\/magos-y-magas\/"]}]},{"@type":"BreadcrumbList","@id":"https:\/\/nimyloscristalesmagicos.com\/index.php\/magos-y-magas\/#breadcrumb","itemListElement":[{"@type":"ListItem","position":1,"name":"Portada","item":"https:\/\/nimyloscristalesmagicos.com\/"},{"@type":"ListItem","position":2,"name":"Magos y magas"}]},{"@type":"WebSite","@id":"https:\/\/nimyloscristalesmagicos.com\/#website","url":"https:\/\/nimyloscristalesmagicos.com\/","name":"Nim y los cristales m\u00e1gicos","description":"Gamificaci\u00f3n en el aula","potentialAction":[{"@type":"SearchAction","target":{"@type":"EntryPoint","urlTemplate":"https:\/\/nimyloscristalesmagicos.com\/?s={search_term_string}"},"query-input":"required name=search_term_string"}],"inLanguage":"es"}]}},"_links":{"self":[{"href":"https:\/\/nimyloscristalesmagicos.com\/index.php\/wp-json\/wp\/v2\/pages\/561"}],"collection":[{"href":"https:\/\/nimyloscristalesmagicos.com\/index.php\/wp-json\/wp\/v2\/pages"}],"about":[{"href":"https:\/\/nimyloscristalesmagicos.com\/index.php\/wp-json\/wp\/v2\/types\/page"}],"author":[{"embeddable":true,"href":"https:\/\/nimyloscristalesmagicos.com\/index.php\/wp-json\/wp\/v2\/users\/1"}],"replies":[{"embeddable":true,"href":"https:\/\/nimyloscristalesmagicos.com\/index.php\/wp-json\/wp\/v2\/comments?post=561"}],"version-history":[{"count":22,"href":"https:\/\/nimyloscristalesmagicos.com\/index.php\/wp-json\/wp\/v2\/pages\/561\/revisions"}],"predecessor-version":[{"id":1521,"href":"https:\/\/nimyloscristalesmagicos.com\/index.php\/wp-json\/wp\/v2\/pages\/561\/revisions\/1521"}],"wp:attachment":[{"href":"https:\/\/nimyloscristalesmagicos.com\/index.php\/wp-json\/wp\/v2\/media?parent=561"}],"curies":[{"name":"wp","href":"https:\/\/api.w.org\/{rel}","templated":true}]}}